 z - 219. Let m = -36 - z. What is the units digit of m?
7
Let z(h) = 7*h**3 + h**2 - 6*h - 3. What is the tens digit of z(4)?
3
Let q(w) = -w**3 - 2*w**2 - 4. Let r be q(-3). Let m be (r + -4)*(-4)/(-2). Suppose -4*a + 112 = u, -5*u + 112 = m*a + 2*a. What is the tens digit of a?
2
Let l(a) = -a**3 - 10*a**2 + 12*a + 13. Let s be l(-11). Suppose 4*w + 28 = -s*x, -4*w = -0*w + 3*x + 26. Let f = w - -9. What is the units digit of f?
1
Suppose 3*s + 294 = 10*s. What is the units digit of ((-66)/s - -2) + 60/7?
9
Suppose -2 = -2*f + 4. Suppose -f*d = -4*d - 45. What is the units digit of ((-9)/(-15))/((-3)/d)?
9
Let r(f) = 10*f**2 + 3*f + 30. What is the units digit of r(-5)?
5
Let v(y) = 5 - 54*y - 2*y + 24*y. What is the units digit of v(-2)?
9
Let g(w) = 3*w - 4. Let c be g(3). Suppose q - c = 12. Let h = q - 8. What is the units digit of h?
9
What is the tens digit of 1/(-1) - ((-927)/3 + -2)?
1
Let s(d) = -5*d - 27. Let i(z) = -10*z - 54. Let l(u) = -6*i(u) + 13*s(u). What is the tens digit of l(-18)?
6
Let a(q) = -q**2 + q - 2. Let y be a(0). What is the tens digit of 90 - ((-9)/(-12) + y/(-8))?
8
Let w(x) = 224*x - 1157. What is the thousands digit of w(20)?
3
Let n = -656 + 4206. What is the tens digit of n?
5
Let b be 383/8 - 1/(-8). Suppose 2*q - 8*q = -b. What is the units digit of q?
8
Suppose -202 = -5*y + 248. Let k = 215 - y. What is the units digit of k?
5
Suppose -4*g = -7 - 5. What is the units digit of 6*(g - (-15)/6)?
3
Suppose -4*q + 5*l = -7*q + 2131, -q - 5*l + 717 = 0. What is the units digit of q?
7
Let g(t) = -3*t**3 - 6*t**2 - 3*t + 7. Let a be g(-4). Let l = 175 - a. What is the tens digit of l?
6
Suppose 5*v - 1380 - 1375 = 0. What is the hundreds digit of v?
5
Let g = 11 + -34. Let j = g + 23. Suppose j = i - 7. What is the units digit of i?
7
Let s = -710 + 2997. What is the tens digit of s?
8
Suppose 4*d + 468 = -14*d. Let r = 50 - d. What is the units digit of r?
6
Let t(j) = j**2 + 6*j + 7. Let f be t(-2). Let n(i) = -94*i**3. What is the tens digit of n(f)?
9
Let u = -395 - -775. Suppose -3*r = 5*s - 190, 4*r - u = -4*s - 124. What is the units digit of r?
5
Suppose -564 = -20*u + 18*u. Suppose -3*s - 454 = -5*l, -l - 2*l - 3*s + u = 0. What is the units digit of l?
2
Let b be 10/20 - 2/4*3. Let z(u) = 55*u - 5. Let y(p) = 1. Let v(c) = -3*y(c) - z(c). What is the units digit of v(b)?
7
Let c(g) = g**3 + 18*g**2 - 2*g - 36. Let f be c(-18). Suppose f = -4*j + 554 - 122. What is the hundreds digit of j?
1
Suppose 556 - 2096 = -5*w. What is the units digit of w?
8
Suppose -4*u + 5*n - 64 = 0, -2*u - 4*n + 64 = -6*u. Let h(s) = -2*s**2 - 35*s - 16. What is the tens digit of h(u)?
3
What is the hundreds digit of (-257720)/(-272)*(-24)/(-10)?
2
Let p(s) = -s**3 + 12*s**2 + 12*s + 14. Let n(g) = -g + 8. Let a be n(-5). Let u be p(a). What is the units digit of 9 + u/1 - 0?
0
Let q = 34 + -37. Let i(b) = -b**3 + b**2 + 3*b - 4. What is the units digit of i(q)?
3
Let n be 4/(-5) - 261/(-45). Suppose -1 = -2*u + n. What is the units digit of u?
3
Suppose 0 = 4*a - 7*a + 9. Suppose -2*b - a*l + 62 = -l, 2*l = -3*b + 91. Let y = 4 + b. What is the units digit of y?
3
Suppose -28*g = -u - 32*g + 1627, 5*g + 5 = 0. What is the hundreds digit of u?
6
Let j(l) = -l**2 - 6*l. Let s be j(-5). Let v(a) be the second derivative of a**3/3 + 6*a**2 + 5*a. What is the units digit of v(s)?
2
Let g(f) = -f**3 - 8*f**2 - 4*f + 6. Let o be g(-5). Let j = 284 + o. What is the tens digit of j?
3
Let i = 38 + -34. Suppose -2*b - 488 = -5*l, 42 = l + i*b - 38. What is the units digit of l?
6
Let x be ((-64)/8 - -35)*-3. Suppose -499 = -4*n - 3*q, 2*n = -4*q - 0*q + 262. Let y = x + n. What is the tens digit of y?
4
Let a = -14 - -19. Suppose 0 = -5*g - 6*v + 2*v + 320, 0 = a*v. Let j = g + -38. What is the tens digit of j?
2
Let i be (-3)/6*(4 - 4). Suppose i = -3*p - p. Suppose 2*k - 11 + 1 = 0, p = 3*x + 5*k - 37. What is the units digit of x?
4
Suppose 2*r - 3*s = 9, -3*r - s = -5*r + 7. Suppose -r*b + 3*g = -2*g - 376, -2*b + 4*g = -254. What is the units digit of b?
7
Suppose -10*t + 6760 = -0*t. What is the hundreds digit of t?
6
Suppose 3*x - 2 = -2. Suppose o + 2*o - 141 = x. What is the units digit of o?
7
Let y = 70 + -113. Let d = y + 65. What is the units digit of d?
2
Let y = -30 - -175. Suppose 5*u + y = -3*p - 1, -3*p = -5*u + 136. Let j = p - -77. What is the tens digit of j?
3
Let l(i) = -2938*i**3 + 3*i**2 + 11*i + 8. What is the units digit of l(-1)?
8
Let q = 224 + -334. Let u = q - -203. What is the tens digit of u?
9
Let j(d) = -d**3 - 4*d**2 - 1. Let o = 10 - 10. Suppose -3*m - m - 8 = 3*c, o = -m - 2*c + 3. What is the tens digit of j(m)?
2
Let d be (-2)/((-6)/2 + 2). Suppose -b + j - 43 = -3*b, d*b - 63 = -5*j. Suppose -4*m = -o + 29, 4*m = -o + b + 18. What is the tens digit of o?
3
Suppose 0 = 28*m - 32393 - 53791. What is the thousands digit of m?
3
Let z be 83/9 + 36/(-162). Let g(s) = 16*s + z*s - 2 - 2*s - 1. What is the units digit of g(2)?
3
Let a = -41 + 45. Suppose -2*o + 603 - 123 = 5*u, -o = a*u - 381. What is the units digit of u?
4
Let s(l) be the third derivative of l**4/12 + l**3 + 8*l**2. Suppose 0 = -6*j + j + 4*y + 66, 3*j - y = 34. What is the tens digit of s(j)?
2
What is the tens digit of (6 - -3192) + 5/(5/(-2))?
9
Let y(j) = -j**3 - 17*j**2 - 37*j + 28. What is the units digit of y(-16)?
4
Let i = -40 - 716. What is the tens digit of i/(-10) + 12/30?
7
Let s be 2*(4/6)/((-3)/(-279)). Let c = s + -21. What is the tens digit of c?
0
Let s be -2*(-3)/8*4. Suppose 3*h = z - 100, s*h + 2 = 8. What is the units digit of z?
6
Let h(j) = -j**3 - 11*j**2 + 13*j + 12. Let i be h(-12). Suppose g - 117 = -y, 2*g + i*g = 3*y + 234. What is the units digit of g?
7
Let n = -393 + 2220. What is the tens digit of n?
2
Let j be -3 + 4 - -1 - 1. Let t be 6 + (j + -7)/2. Let u(g) = g**2 + 6*g - 6. What is the units digit of u(t)?
1
What is the hundreds digit of ((-23)/5)/((-79)/9085)?
5
Suppose -3*m = -15, m - 713 = -5*f + 282. Suppose f = 3*u - 192. What is the units digit of u?
0
Suppose 4*v + 8 = 48. Suppose v*c - 11*c = 61. Let m = -28 - c. What is the tens digit of m?
3
Suppose -2939 + 493 = -4*g - 2*j, 5*j = 5*g - 3065. What is the units digit of g?
2
Suppose 4*y - 1079 = 3685. What is the tens digit of y?
9
Suppose 3*l - i - 12 = i, 13 = 2*l - 3*i. Let s be (0/(-1 + -3))/(-1). What is the units digit of l/(s - (-4)/26)?
3
Suppose -30*v = -29*v - 213. What is the hundreds digit of v?
2
Let b = 8 + 12. Let g = 67 - b. What is the tens digit of g?
4
Let u(k) = -k**3 + 20*k**2 - 41*k + 59. What is the tens digit of u(17)?
2
Suppose 2*a + 6 = -q + 4*a, -3*q + a = 3. Suppose -5*j + 5*t + 115 = q, 6*j + 4*t = j + 133. What is the tens digit of j?
2
Let t(g) = -g - 4. Let k(c) = -2*c - 20. Let p be k(-5). What is the units digit of t(p)?
6
Let z be (-4)/(-10)*20/4. Suppose -5*v + 0*v - z*u = -1087, -2*u - 8 = 0. What is the tens digit of v?
1
Let q(u) = 4*u**2 + 6*u + 2. Suppose 0*i + 27 = -5*j - i, 3*i + 21 = -3*j. What is the units digit of q(j)?
2
Suppose 40*n - 81212 = 75988. What is the tens digit of n?
3
Let d be (-1 - -2)/(16/272). Suppose n - d = -9. Suppose l + 2*s = 66 + n, -3*s = -3. What is the units digit of l?
2
Let h(m) = 53*m + 7. Let b = 54 - 52. What is the hundreds digit of h(b)?
1
Let g be -1*(11 - -4 - 0). What is the units digit of -1 + 22 - (g + 14)?
2
Suppose 0 = -2*s - 5*t + 2125, -11*s + 6*s + 5270 = 4*t. What is the hundreds digit of s?
0
Let g(d) = -2*d**2 - 5*d + 7. Let m be g(-3). Suppose i - 45 = 4*f, 5*i + f - 275 = -m*f. What is the tens digit of i?
5
What is the units digit of (-84 - (0 - -2))*(-45)/10?
7
Suppose -5*f = -2*k - 20, 3*k - 4*f = f - 20. Suppose -5*i - 5*o + 245 = k, -12 = 3*o - 0. What is the tens digit of i?
5
Let x(i) = 15*i**2 - 54*i + 323. What is the units digit of x(8)?
1
Let n be (2 - -1)/((-3)/9). Let h be 22/4 + n/6. Suppose -10 = -h*q - q. What is the units digit of q?
2
Let l = 83 - -33. What is the units digit of l?
6
Let v(t) = t**3 - 7*t**2 - t + 9. Let s be v(7). Let d be -6*(8/(-3) + s). Suppose 5 = -d*q + 73. What is the units digit of q?
7
What is the hundreds digit of (-138)/(-368) - (-7482)/16?
4
Let m(w) = w**2 - 13*w + 15. Let k be m(13). S